{"id":44656,"date":"2026-04-28T17:33:29","date_gmt":"2026-04-28T15:33:29","guid":{"rendered":"https:\/\/selectedd.hr\/?post_type=product&#038;p=44656"},"modified":"2026-04-28T19:02:47","modified_gmt":"2026-04-28T17:02:47","slug":"kako-magazin-br-8-hrana","status":"publish","type":"product","link":"https:\/\/selectedd.hr\/en\/product\/kako-magazin-br-8-hrana\/","title":{"rendered":"K\u00e0ko magazin br. 8 &#8211; Hrana"},"content":{"rendered":"<p class=\"sqsrte-large\" data-rte-preserve-empty=\"true\">Osmi broj K\u00e0ko magazina okuplja nas oko kuhinjskog stola i servira nam neobi\u010dan slijed dobro poznatih, ali i za\u010dudnih okusa, jela i obi\u010daja. Od fenomena balkanske pekare do pa\u0161tete od ljudske posteljice, pri\u010de nam otkrivaju i drugu stranu na\u0161e prve hrane, bazi\u010dnih sastojaka poput vode te nevjerojatnu povijest ananasa. U omiljenim jelima iz djetinjstva potra\u017eili smo smisao i poku\u0161ali saznati kako nam rije\u010di i metafore koje svakodnevno koristimo poma\u017eu probaviti svijet u kojem \u017eivimo. Neke \u0107e vam pri\u010de zagolicati nepce, neke okrenuti \u017eeludac, ali svaka \u0107e vas zadr\u017eati za stolom dok je ne pro\u017eva\u010dete do kraja.<\/p>\n<p>Za osmi broj K\u00e0ko magazina pisali su, fotografirali i ilustrirali: <strong>Vid Bari\u0107<\/strong>, <strong>Hrvoje De\u0161i\u0107<\/strong>, <strong>Francesca Duman\u010di\u0107<\/strong>, <strong>Mahira Gojak<\/strong>, <strong>\u017deljka Klemen\u010di\u0107<\/strong>, <strong>Mario Ku\u010dera,<\/strong> <strong>Jelena Pervan<\/strong>, <strong>Kaja Sajovic<\/strong>, <strong>Ajla Salki\u0107<\/strong>, <strong>Valentina Serti\u0107<\/strong>, <strong>Mateusz-Milan Stanojevi\u0107<\/strong>, <strong>Sa\u0161a \u0160ekoranja, Lovro \u0160kilji\u0107, Lucija Tunkovi\u0107 i \u017deljka Zrni\u0107.<\/strong><\/p>\n<p class=\"sqsrte-large\" data-rte-preserve-empty=\"true\">Naslovnice je radila genijalna<strong> Hana Tintor.<\/strong><\/p>\n<div class=\"fe-block fe-block-f9b2173d7856a144fd55\">\n<div id=\"block-f9b2173d7856a144fd55\" class=\"sqs-block website-component-block sqs-block-website-component sqs-block-html html-block\" data-block-css=\"[&quot;https:\/\/definitions.sqspcdn.com\/website-component-definition\/static-assets\/website.components.html\/abaea59b-b53b-48e4-9796-919f4565f1fa_481\/website.components.html.styles.css&quot;]\" data-block-scripts=\"[&quot;https:\/\/definitions.sqspcdn.com\/website-component-definition\/static-assets\/website.components.html\/abaea59b-b53b-48e4-9796-919f4565f1fa_481\/website.components.html.visitor.js&quot;]\" data-block-type=\"1337\" data-definition-name=\"website.components.html\" data-sqsp-block=\"text\" data-website-component-id=\"f9b2173d7856a144fd55\">\n<div class=\"sqs-block-content\">\n<div class=\"sqs-text-block-container\">\n<div class=\"sqs-html-content\" data-sqsp-text-block-content=\"\">\n<h5 data-rte-preserve-empty=\"true\">SADR\u017dAJ<\/h5>\n<\/div>\n<\/div>\n<\/div>\n<\/div>\n<\/div>\n<div class=\"fe-block fe-block-14cecde05efbdc2e3fbf\">\n<div id=\"block-14cecde05efbdc2e3fbf\" class=\"sqs-block website-component-block sqs-block-website-component sqs-block-html html-block\" data-block-css=\"[&quot;https:\/\/definitions.sqspcdn.com\/website-component-definition\/static-assets\/website.components.html\/abaea59b-b53b-48e4-9796-919f4565f1fa_481\/website.components.html.styles.css&quot;]\" data-block-scripts=\"[&quot;https:\/\/definitions.sqspcdn.com\/website-component-definition\/static-assets\/website.components.html\/abaea59b-b53b-48e4-9796-919f4565f1fa_481\/website.components.html.visitor.js&quot;]\" data-block-type=\"1337\" data-definition-name=\"website.components.html\" data-sqsp-block=\"text\" data-website-component-id=\"14cecde05efbdc2e3fbf\">\n<div class=\"sqs-block-content\">\n<div class=\"sqs-text-block-container\">\n<div class=\"sqs-html-content\" data-sqsp-text-block-content=\"\">\n<p class=\"sqsrte-large\" data-rte-preserve-empty=\"true\"><strong>SEMIOTIKA PEKARE \/ Mahira Gojak<\/strong><br \/>\nFenomen balkanske pekare koja nas doziva sebi i u sitnim no\u0107nim satima i za vrijeme subotnjeg doru\u010dka.<\/p>\n<p class=\"sqsrte-large\" data-rte-preserve-empty=\"true\"><strong>KAKO SKUHATI (S)MISAO \/ Francesca Duman\u010di\u0107 i Mateusz-Milan Stanojevi\u0107<br \/>\n<\/strong>Kako nam rije\u010di i metafore koje svakodnevno koristimo poma\u017eu probaviti svijet u kojem \u017eivimo?<\/p>\n<p class=\"sqsrte-large\" data-rte-preserve-empty=\"true\"><strong>PRVA HRANA \/ Jelena Pervan<br \/>\n<\/strong>Pri\u010da o humanosti, ali i bizarnosti na\u0161eg prvog obroka.<\/p>\n<p class=\"sqsrte-large\" data-rte-preserve-empty=\"true\"><strong>RACIJA I BEZUMLJE \/ Valentina Serti\u0107<br \/>\n<\/strong>Lunch paketi koji se serviraju na ekstremnim putovanjima.<\/p>\n<p class=\"sqsrte-large\" data-rte-preserve-empty=\"true\"><strong>USPON I PAD ANANASA \/ \u017deljka Zrni\u0107<br \/>\n<\/strong>Tajnovitost s vo\u0107a koje uglavnom sre\u0107emo na rubovima koktel \u010da\u0161a.<\/p>\n<p class=\"sqsrte-large\" data-rte-preserve-empty=\"true\"><strong>OBITELJSKA VE\u010cERA \/ Lucija Tunkovi\u0107<br \/>\n<\/strong>Gdje je granica izme\u0111u neobi\u010dnog predjela i kanibalizma?<\/p>\n<p class=\"sqsrte-large\" data-rte-preserve-empty=\"true\"><strong>OKUS PROZIRNOG \/ \u017deljka Klemen\u010di\u0107<br \/>\n<\/strong>Sastojak bez kojeg nema \u017eivota, a ni dobrog jela.<\/p>\n<p class=\"sqsrte-large\" data-rte-preserve-empty=\"true\"><strong>GUTA\u010cI GRIJEHA \/ Valentina Serti\u0107<br \/>\n<\/strong>Neobi\u010dan vel\u0161ki obi\u010daj.<\/p>\n<p class=\"sqsrte-large\" data-rte-preserve-empty=\"true\"><strong>OTMJENO ILI ODVRATNO \/ Kaja Sajovic<br \/>\n<\/strong>Za\u0161to su neke odvratne stvari na tanjurima najboljih restorana?<\/p>\n<p class=\"sqsrte-large\" data-rte-preserve-empty=\"true\"><strong>TAMO GDJE PO\u010cINJE MESO \/ Vid Bari\u0107<br \/>\n<\/strong>Znamo li kako zaista izgleda hrana prije nego stigne do na\u0161eg tanjura?<\/p>\n<\/div>\n<\/div>\n<\/div>\n<\/div>\n<\/div>\n","protected":false},"excerpt":{"rendered":"<p>Osmi broj K\u00e0ko magazina okuplja nas oko kuhinjskog stola i servira nam neobi\u010dan slijed dobro poznatih, ali i za\u010dudnih okusa, jela i obi\u010daja.<\/p>\n","protected":false},"featured_media":44661,"comment_status":"closed","ping_status":"closed","template":"","meta":[],"product_cat":[375,1072],"product_tag":[],"class_list":{"0":"post-44656","1":"product","2":"type-product","3":"status-publish","4":"has-post-thumbnail","6":"product_brand-kako","7":"product_cat-knjige-i-casopisi","8":"product_cat-lifestyle-casopisi","10":"first","11":"instock","12":"shipping-taxable","13":"purchasable","14":"product-type-simple"},"_links":{"self":[{"href":"https:\/\/selectedd.hr\/en\/wp-json\/wp\/v2\/product\/44656","targetHints":{"allow":["GET"]}}],"collection":[{"href":"https:\/\/selectedd.hr\/en\/wp-json\/wp\/v2\/product"}],"about":[{"href":"https:\/\/selectedd.hr\/en\/wp-json\/wp\/v2\/types\/product"}],"replies":[{"embeddable":true,"href":"https:\/\/selectedd.hr\/en\/wp-json\/wp\/v2\/comments?post=44656"}],"wp:featuredmedia":[{"embeddable":true,"href":"https:\/\/selectedd.hr\/en\/wp-json\/wp\/v2\/media\/44661"}],"wp:attachment":[{"href":"https:\/\/selectedd.hr\/en\/wp-json\/wp\/v2\/media?parent=44656"}],"wp:term":[{"taxonomy":"product_cat","embeddable":true,"href":"https:\/\/selectedd.hr\/en\/wp-json\/wp\/v2\/product_cat?post=44656"},{"taxonomy":"product_tag","embeddable":true,"href":"https:\/\/selectedd.hr\/en\/wp-json\/wp\/v2\/product_tag?post=44656"}],"curies":[{"name":"wp","href":"https:\/\/api.w.org\/{rel}","templated":true}]}}

Kàko magazin br. 8 &#8211; Hrana

<p class="sqsrte-large" data-rte-preserve-empty="true">Osmi broj Kàko magazina okuplja nas oko kuhinjskog stola i servira nam neobičan slijed dobro poznatih, ali i začudnih okusa, jela i običaja. Od fenomena balkanske pekare do paštete od ljudske posteljice, priče nam otkrivaju i drugu stranu naše prve hrane, bazičnih sastojaka poput vode te nevjerojatnu povijest ananasa. U omiljenim jelima iz djetinjstva potražili smo smisao i pokušali saznati kako nam riječi i metafore koje svakodnevno koristimo pomažu probaviti svijet u kojem živimo. Neke će vam priče zagolicati nepce, neke okrenuti želudac, ali svaka će vas zadržati za stolom dok je ne prožvačete do kraja.</p>
<p>Za osmi broj Kàko magazina pisali su, fotografirali i ilustrirali: <strong>Vid Barić</strong>, <strong>Hrvoje Dešić</strong>, <strong>Francesca Dumančić</strong>, <strong>Mahira Gojak</strong>, <strong>Željka Klemenčić</strong>, <strong>Mario Kučera,</strong> <strong>Jelena Pervan</strong>, <strong>Kaja Sajovic</strong>, <strong>Ajla Salkić</strong>, <strong>Valentina Sertić</strong>, <strong>Mateusz-Milan Stanojević</strong>, <strong>Saša Šekoranja, Lovro Škiljić, Lucija Tunković i Željka Zrnić.</strong></p>
<p class="sqsrte-large" data-rte-preserve-empty="true">Naslovnice je radila genijalna<strong> Hana Tintor.</strong></p>
<div class="fe-block fe-block-f9b2173d7856a144fd55">
<div id="block-f9b2173d7856a144fd55" class="sqs-block website-component-block sqs-block-website-component sqs-block-html html-block" data-block-css="[&quot;https://definitions.sqspcdn.com/website-component-definition/static-assets/website.components.html/abaea59b-b53b-48e4-9796-919f4565f1fa_481/website.components.html.styles.css&quot;]" data-block-scripts="[&quot;https://definitions.sqspcdn.com/website-component-definition/static-assets/website.components.html/abaea59b-b53b-48e4-9796-919f4565f1fa_481/website.components.html.visitor.js&quot;]" data-block-type="1337" data-definition-name="website.components.html" data-sqsp-block="text" data-website-component-id="f9b2173d7856a144fd55">
<div class="sqs-block-content">
<div class="sqs-text-block-container">
<div class="sqs-html-content" data-sqsp-text-block-content="">
<h5 data-rte-preserve-empty="true">SADRŽAJ</h5>
</div>
</div>
</div>
</div>
</div>
<div class="fe-block fe-block-14cecde05efbdc2e3fbf">
<div id="block-14cecde05efbdc2e3fbf" class="sqs-block website-component-block sqs-block-website-component sqs-block-html html-block" data-block-css="[&quot;https://definitions.sqspcdn.com/website-component-definition/static-assets/website.components.html/abaea59b-b53b-48e4-9796-919f4565f1fa_481/website.components.html.styles.css&quot;]" data-block-scripts="[&quot;https://definitions.sqspcdn.com/website-component-definition/static-assets/website.components.html/abaea59b-b53b-48e4-9796-919f4565f1fa_481/website.components.html.visitor.js&quot;]" data-block-type="1337" data-definition-name="website.components.html" data-sqsp-block="text" data-website-component-id="14cecde05efbdc2e3fbf">
<div class="sqs-block-content">
<div class="sqs-text-block-container">
<div class="sqs-html-content" data-sqsp-text-block-content="">
<p class="sqsrte-large" data-rte-preserve-empty="true"><strong>SEMIOTIKA PEKARE / Mahira Gojak</strong><br />
Fenomen balkanske pekare koja nas doziva sebi i u sitnim noćnim satima i za vrijeme subotnjeg doručka.</p>
<p class="sqsrte-large" data-rte-preserve-empty="true"><strong>KAKO SKUHATI (S)MISAO / Francesca Dumančić i Mateusz-Milan Stanojević<br />
</strong>Kako nam riječi i metafore koje svakodnevno koristimo pomažu probaviti svijet u kojem živimo?</p>
<p class="sqsrte-large" data-rte-preserve-empty="true"><strong>PRVA HRANA / Jelena Pervan<br />
</strong>Priča o humanosti, ali i bizarnosti našeg prvog obroka.</p>
<p class="sqsrte-large" data-rte-preserve-empty="true"><strong>RACIJA I BEZUMLJE / Valentina Sertić<br />
</strong>Lunch paketi koji se serviraju na ekstremnim putovanjima.</p>
<p class="sqsrte-large" data-rte-preserve-empty="true"><strong>USPON I PAD ANANASA / Željka Zrnić<br />
</strong>Tajnovitost s voća koje uglavnom srećemo na rubovima koktel čaša.</p>
<p class="sqsrte-large" data-rte-preserve-empty="true"><strong>OBITELJSKA VEČERA / Lucija Tunković<br />
</strong>Gdje je granica između neobičnog predjela i kanibalizma?</p>
<p class="sqsrte-large" data-rte-preserve-empty="true"><strong>OKUS PROZIRNOG / Željka Klemenčić<br />
</strong>Sastojak bez kojeg nema života, a ni dobrog jela.</p>
<p class="sqsrte-large" data-rte-preserve-empty="true"><strong>GUTAČI GRIJEHA / Valentina Sertić<br />
</strong>Neobičan velški običaj.</p>
<p class="sqsrte-large" data-rte-preserve-empty="true"><strong>OTMJENO ILI ODVRATNO / Kaja Sajovic<br />
</strong>Zašto su neke odvratne stvari na tanjurima najboljih restorana?</p>
<p class="sqsrte-large" data-rte-preserve-empty="true"><strong>TAMO GDJE POČINJE MESO / Vid Barić<br />
</strong>Znamo li kako zaista izgleda hrana prije nego stigne do našeg tanjura?</p>
</div>
</div>
</div>
</div>
</div>

<p>Osmi broj Kàko magazina okuplja nas oko kuhinjskog stola i servira nam neobičan slijed dobro poznatih, ali i začudnih okusa, jela i običaja.</p>
